{"id":177,"date":"2019-12-12T11:29:31","date_gmt":"2019-12-12T10:29:31","guid":{"rendered":"http:\/\/wp.luechtenberg.de\/?page_id=177"},"modified":"2019-12-19T15:27:50","modified_gmt":"2019-12-19T14:27:50","slug":"meerschweinchen","status":"publish","type":"page","link":"https:\/\/www.luechtenberg.de\/WordPress_01\/gaby-und-roland\/meerschweinchen\/","title":{"rendered":"Unsere Meerschweinchen"},"content":{"rendered":"\n<p>Hier stellen wir Euch unsere ehemaligen fellnasigen Mitbewohner vor<\/p>\n\n\n\n<figure class=\"wp-block-gallery columns-3 is-cropped wp-block-gallery-1 is-layout-flex wp-block-gallery-is-layout-flex\"><ul class=\"blocks-gallery-grid\"><li class=\"blocks-gallery-item\"><figure><img loading=\"lazy\" decoding=\"async\" width=\"1024\" height=\"775\" src=\"http:\/\/wp.luechtenberg.de\/wp-content\/uploads\/2019\/12\/Percy-1-1024x775.jpg\" alt=\"\" data-id=\"184\" data-link=\"http:\/\/wp.luechtenberg.de\/?attachment_id=184\" class=\"wp-image-184\" srcset=\"https:\/\/www.luechtenberg.de\/WordPress_01\/wp-content\/uploads\/2019\/12\/Percy-1-1024x775.jpg 1024w, https:\/\/www.luechtenberg.de\/WordPress_01\/wp-content\/uploads\/2019\/12\/Percy-1-300x227.jpg 300w, https:\/\/www.luechtenberg.de\/WordPress_01\/wp-content\/uploads\/2019\/12\/Percy-1-768x582.jpg 768w, https:\/\/www.luechtenberg.de\/WordPress_01\/wp-content\/uploads\/2019\/12\/Percy-1-1536x1163.jpg 1536w, https:\/\/www.luechtenberg.de\/WordPress_01\/wp-content\/uploads\/2019\/12\/Percy-1-2048x1551.jpg 2048w, https:\/\/www.luechtenberg.de\/WordPress_01\/wp-content\/uploads\/2019\/12\/Percy-1-1200x909.jpg 1200w\" sizes=\"auto, (max-width: 709px) 85vw, (max-width: 909px) 67vw, (max-width: 1362px) 62vw, 840px\" \/><figcaption class=\"blocks-gallery-item__caption\">Percy<\/figcaption><\/figure><\/li><li class=\"blocks-gallery-item\"><figure><img loading=\"lazy\" decoding=\"async\" width=\"1024\" height=\"768\" src=\"http:\/\/wp.luechtenberg.de\/wp-content\/uploads\/2019\/12\/DSC00030-1024x768.jpg\" alt=\"\" data-id=\"186\" data-link=\"http:\/\/wp.luechtenberg.de\/?attachment_id=186\" class=\"wp-image-186\" srcset=\"https:\/\/www.luechtenberg.de\/WordPress_01\/wp-content\/uploads\/2019\/12\/DSC00030-1024x768.jpg 1024w, https:\/\/www.luechtenberg.de\/WordPress_01\/wp-content\/uploads\/2019\/12\/DSC00030-300x225.jpg 300w, https:\/\/www.luechtenberg.de\/WordPress_01\/wp-content\/uploads\/2019\/12\/DSC00030-768x576.jpg 768w, https:\/\/www.luechtenberg.de\/WordPress_01\/wp-content\/uploads\/2019\/12\/DSC00030.jpg 1152w\" sizes=\"auto, (max-width: 709px) 85vw, (max-width: 909px) 67vw, (max-width: 1362px) 62vw, 840px\" \/><figcaption class=\"blocks-gallery-item__caption\">Benny<\/figcaption><\/figure><\/li><li class=\"blocks-gallery-item\"><figure><img loading=\"lazy\" decoding=\"async\" width=\"1024\" height=\"768\" src=\"http:\/\/wp.luechtenberg.de\/wp-content\/uploads\/2019\/12\/DSC00033-1024x768.jpg\" alt=\"\" data-id=\"187\" data-link=\"http:\/\/wp.luechtenberg.de\/?attachment_id=187\" class=\"wp-image-187\" srcset=\"https:\/\/www.luechtenberg.de\/WordPress_01\/wp-content\/uploads\/2019\/12\/DSC00033-1024x768.jpg 1024w, https:\/\/www.luechtenberg.de\/WordPress_01\/wp-content\/uploads\/2019\/12\/DSC00033-300x225.jpg 300w, https:\/\/www.luechtenberg.de\/WordPress_01\/wp-content\/uploads\/2019\/12\/DSC00033-768x576.jpg 768w, https:\/\/www.luechtenberg.de\/WordPress_01\/wp-content\/uploads\/2019\/12\/DSC00033.jpg 1152w\" sizes=\"auto, (max-width: 709px) 85vw, (max-width: 909px) 67vw, (max-width: 1362px) 62vw, 840px\" \/><figcaption class=\"blocks-gallery-item__caption\">Benny und Joon<\/figcaption><\/figure><\/li><li class=\"blocks-gallery-item\"><figure><img loading=\"lazy\" decoding=\"async\" width=\"1024\" height=\"768\" src=\"http:\/\/wp.luechtenberg.de\/wp-content\/uploads\/2019\/12\/DSC00433-1024x768.jpg\" alt=\"\" data-id=\"191\" data-link=\"http:\/\/wp.luechtenberg.de\/?attachment_id=191\" class=\"wp-image-191\" srcset=\"https:\/\/www.luechtenberg.de\/WordPress_01\/wp-content\/uploads\/2019\/12\/DSC00433-1024x768.jpg 1024w, https:\/\/www.luechtenberg.de\/WordPress_01\/wp-content\/uploads\/2019\/12\/DSC00433-300x225.jpg 300w, https:\/\/www.luechtenberg.de\/WordPress_01\/wp-content\/uploads\/2019\/12\/DSC00433-768x576.jpg 768w, https:\/\/www.luechtenberg.de\/WordPress_01\/wp-content\/uploads\/2019\/12\/DSC00433-1536x1152.jpg 1536w, https:\/\/www.luechtenberg.de\/WordPress_01\/wp-content\/uploads\/2019\/12\/DSC00433-1200x900.jpg 1200w, https:\/\/www.luechtenberg.de\/WordPress_01\/wp-content\/uploads\/2019\/12\/DSC00433.jpg 2048w\" sizes=\"auto, (max-width: 709px) 85vw, (max-width: 909px) 67vw, (max-width: 1362px) 62vw, 840px\" \/><figcaption class=\"blocks-gallery-item__caption\">Joon und Paul<\/figcaption><\/figure><\/li><li class=\"blocks-gallery-item\"><figure><img loading=\"lazy\" decoding=\"async\" width=\"1024\" height=\"768\" src=\"http:\/\/wp.luechtenberg.de\/wp-content\/uploads\/2019\/12\/DSC00991-1-1024x768.jpg\" alt=\"\" data-id=\"193\" data-full-url=\"http:\/\/wp.luechtenberg.de\/wp-content\/uploads\/2019\/12\/DSC00991-1.jpg\" data-link=\"http:\/\/wp.luechtenberg.de\/?attachment_id=193\" class=\"wp-image-193\" srcset=\"https:\/\/www.luechtenberg.de\/WordPress_01\/wp-content\/uploads\/2019\/12\/DSC00991-1-1024x768.jpg 1024w, https:\/\/www.luechtenberg.de\/WordPress_01\/wp-content\/uploads\/2019\/12\/DSC00991-1-300x225.jpg 300w, https:\/\/www.luechtenberg.de\/WordPress_01\/wp-content\/uploads\/2019\/12\/DSC00991-1-768x576.jpg 768w, https:\/\/www.luechtenberg.de\/WordPress_01\/wp-content\/uploads\/2019\/12\/DSC00991-1-1536x1152.jpg 1536w, https:\/\/www.luechtenberg.de\/WordPress_01\/wp-content\/uploads\/2019\/12\/DSC00991-1-1200x900.jpg 1200w, https:\/\/www.luechtenberg.de\/WordPress_01\/wp-content\/uploads\/2019\/12\/DSC00991-1.jpg 2048w\" sizes=\"auto, (max-width: 709px) 85vw, (max-width: 909px) 67vw, (max-width: 1362px) 62vw, 840px\" \/><figcaption class=\"blocks-gallery-item__caption\">Paul<\/figcaption><\/figure><\/li><\/ul><\/figure>\n\n\n\n<p><br>Unser erstes Meerschweinchen war\u00a0Percy, ein Silberaguti, der leider nur zwei Jahre alt wurde. Bereits wenige Wochen sp\u00e4ter haben wir zwei junge B\u00f6ckchen, Benny und Joon bekommen. Joon war ein Glatthaar in &#8222;Himalaja-Schoko&#8220; und wurde im November 2000 schneeweiss geboren &#8211; ist jedoch kein Albino. Als Joon\u00b4s Freund\u00a0Benny gestorben ist, haben wir Ihm einen neuen Freund &#8222;Paul&#8220; besorgt.\u00a0<br>Paul war ein Glatthaar Silber-Aguti, wurde im November 2002 geboren und 8 Jahre alt.<\/p>\n\n\n\n<p>Der Tod jedes dieser Tiere hat uns sehr bewegt. Viele m\u00f6gen das f\u00fcr \u00fcbertrieben halten, doch wer schon mal ein Haustier hatte, weiss, wie sehr Ihm dieses Tier ans Herz w\u00e4chst, wie man sich freut, wenn man die T\u00fcr aufschliesst und sofort von Ihm begr\u00fc\u00dft wird, und wie man mit dem Tier leidet, wenn es Ihm mal nicht gut geht.<br>Wir w\u00e4ren wohl keine Menschen, wenn wir auch Tieren gegen\u00fcber diese Empathie zeigen. Wir, zumindest, sch\u00e4men Uns f\u00fcr keine Tr\u00e4ne, die wir f\u00fcr unsere kleinen Racker vergossen haben.<\/p>\n","protected":false},"excerpt":{"rendered":"<p>Hier stellen wir Euch unsere ehemaligen fellnasigen Mitbewohner vor Unser erstes Meerschweinchen war\u00a0Percy, ein Silberaguti, der leider nur zwei Jahre alt wurde. Bereits wenige Wochen sp\u00e4ter haben wir zwei junge B\u00f6ckchen, Benny und Joon bekommen. Joon war ein Glatthaar in &#8222;Himalaja-Schoko&#8220; und wurde im November 2000 schneeweiss geboren &#8211; ist jedoch kein Albino. Als Joon\u00b4s &hellip; <a href=\"https:\/\/www.luechtenberg.de\/WordPress_01\/gaby-und-roland\/meerschweinchen\/\" class=\"more-link\"><span class=\"screen-reader-text\">\u201eUnsere Meerschweinchen\u201c<\/span> weiterlesen<\/a><\/p>\n","protected":false},"author":1,"featured_media":0,"parent":30,"menu_order":9,"comment_status":"closed","ping_status":"closed","template":"","meta":{"footnotes":""},"class_list":["post-177","page","type-page","status-publish","hentry"],"_links":{"self":[{"href":"https:\/\/www.luechtenberg.de\/WordPress_01\/wp-json\/wp\/v2\/pages\/177","targetHints":{"allow":["GET"]}}],"collection":[{"href":"https:\/\/www.luechtenberg.de\/WordPress_01\/wp-json\/wp\/v2\/pages"}],"about":[{"href":"https:\/\/www.luechtenberg.de\/WordPress_01\/wp-json\/wp\/v2\/types\/page"}],"author":[{"embeddable":true,"href":"https:\/\/www.luechtenberg.de\/WordPress_01\/wp-json\/wp\/v2\/users\/1"}],"replies":[{"embeddable":true,"href":"https:\/\/www.luechtenberg.de\/WordPress_01\/wp-json\/wp\/v2\/comments?post=177"}],"version-history":[{"count":6,"href":"https:\/\/www.luechtenberg.de\/WordPress_01\/wp-json\/wp\/v2\/pages\/177\/revisions"}],"predecessor-version":[{"id":306,"href":"https:\/\/www.luechtenberg.de\/WordPress_01\/wp-json\/wp\/v2\/pages\/177\/revisions\/306"}],"up":[{"embeddable":true,"href":"https:\/\/www.luechtenberg.de\/WordPress_01\/wp-json\/wp\/v2\/pages\/30"}],"wp:attachment":[{"href":"https:\/\/www.luechtenberg.de\/WordPress_01\/wp-json\/wp\/v2\/media?parent=177"}],"curies":[{"name":"wp","href":"https:\/\/api.w.org\/{rel}","templated":true}]}}

<p>Hier stellen wir Euch unsere ehemaligen fellnasigen Mitbewohner vor</p>



<figure class="wp-block-gallery columns-3 is-cropped wp-block-gallery-1 is-layout-flex wp-block-gallery-is-layout-flex"><ul class="blocks-gallery-grid"><li class="blocks-gallery-item"><figure><img loading="lazy" decoding="async" width="1024" height="775" src="http://wp.luechtenberg.de/wp-content/uploads/2019/12/Percy-1-1024x775.jpg" alt="" data-id="184" data-link="http://wp.luechtenberg.de/?attachment_id=184" class="wp-image-184" srcset="https://www.luechtenberg.de/WordPress_01/wp-content/uploads/2019/12/Percy-1-1024x775.jpg 1024w, https://www.luechtenberg.de/WordPress_01/wp-content/uploads/2019/12/Percy-1-300x227.jpg 300w, https://www.luechtenberg.de/WordPress_01/wp-content/uploads/2019/12/Percy-1-768x582.jpg 768w, https://www.luechtenberg.de/WordPress_01/wp-content/uploads/2019/12/Percy-1-1536x1163.jpg 1536w, https://www.luechtenberg.de/WordPress_01/wp-content/uploads/2019/12/Percy-1-2048x1551.jpg 2048w, https://www.luechtenberg.de/WordPress_01/wp-content/uploads/2019/12/Percy-1-1200x909.jpg 1200w" sizes="auto, (max-width: 709px) 85vw, (max-width: 909px) 67vw, (max-width: 1362px) 62vw, 840px" /><figcaption class="blocks-gallery-item__caption">Percy</figcaption></figure></li><li class="blocks-gallery-item"><figure><img loading="lazy" decoding="async" width="1024" height="768" src="http://wp.luechtenberg.de/wp-content/uploads/2019/12/DSC00030-1024x768.jpg" alt="" data-id="186" data-link="http://wp.luechtenberg.de/?attachment_id=186" class="wp-image-186" srcset="https://www.luechtenberg.de/WordPress_01/wp-content/uploads/2019/12/DSC00030-1024x768.jpg 1024w, https://www.luechtenberg.de/WordPress_01/wp-content/uploads/2019/12/DSC00030-300x225.jpg 300w, https://www.luechtenberg.de/WordPress_01/wp-content/uploads/2019/12/DSC00030-768x576.jpg 768w, https://www.luechtenberg.de/WordPress_01/wp-content/uploads/2019/12/DSC00030.jpg 1152w" sizes="auto, (max-width: 709px) 85vw, (max-width: 909px) 67vw, (max-width: 1362px) 62vw, 840px" /><figcaption class="blocks-gallery-item__caption">Benny</figcaption></figure></li><li class="blocks-gallery-item"><figure><img loading="lazy" decoding="async" width="1024" height="768" src="http://wp.luechtenberg.de/wp-content/uploads/2019/12/DSC00033-1024x768.jpg" alt="" data-id="187" data-link="http://wp.luechtenberg.de/?attachment_id=187" class="wp-image-187" srcset="https://www.luechtenberg.de/WordPress_01/wp-content/uploads/2019/12/DSC00033-1024x768.jpg 1024w, https://www.luechtenberg.de/WordPress_01/wp-content/uploads/2019/12/DSC00033-300x225.jpg 300w, https://www.luechtenberg.de/WordPress_01/wp-content/uploads/2019/12/DSC00033-768x576.jpg 768w, https://www.luechtenberg.de/WordPress_01/wp-content/uploads/2019/12/DSC00033.jpg 1152w" sizes="auto, (max-width: 709px) 85vw, (max-width: 909px) 67vw, (max-width: 1362px) 62vw, 840px" /><figcaption class="blocks-gallery-item__caption">Benny und Joon</figcaption></figure></li><li class="blocks-gallery-item"><figure><img loading="lazy" decoding="async" width="1024" height="768" src="http://wp.luechtenberg.de/wp-content/uploads/2019/12/DSC00433-1024x768.jpg" alt="" data-id="191" data-link="http://wp.luechtenberg.de/?attachment_id=191" class="wp-image-191" srcset="https://www.luechtenberg.de/WordPress_01/wp-content/uploads/2019/12/DSC00433-1024x768.jpg 1024w, https://www.luechtenberg.de/WordPress_01/wp-content/uploads/2019/12/DSC00433-300x225.jpg 300w, https://www.luechtenberg.de/WordPress_01/wp-content/uploads/2019/12/DSC00433-768x576.jpg 768w, https://www.luechtenberg.de/WordPress_01/wp-content/uploads/2019/12/DSC00433-1536x1152.jpg 1536w, https://www.luechtenberg.de/WordPress_01/wp-content/uploads/2019/12/DSC00433-1200x900.jpg 1200w, https://www.luechtenberg.de/WordPress_01/wp-content/uploads/2019/12/DSC00433.jpg 2048w" sizes="auto, (max-width: 709px) 85vw, (max-width: 909px) 67vw, (max-width: 1362px) 62vw, 840px" /><figcaption class="blocks-gallery-item__caption">Joon und Paul</figcaption></figure></li><li class="blocks-gallery-item"><figure><img loading="lazy" decoding="async" width="1024" height="768" src="http://wp.luechtenberg.de/wp-content/uploads/2019/12/DSC00991-1-1024x768.jpg" alt="" data-id="193" data-full-url="http://wp.luechtenberg.de/wp-content/uploads/2019/12/DSC00991-1.jpg" data-link="http://wp.luechtenberg.de/?attachment_id=193" class="wp-image-193" srcset="https://www.luechtenberg.de/WordPress_01/wp-content/uploads/2019/12/DSC00991-1-1024x768.jpg 1024w, https://www.luechtenberg.de/WordPress_01/wp-content/uploads/2019/12/DSC00991-1-300x225.jpg 300w, https://www.luechtenberg.de/WordPress_01/wp-content/uploads/2019/12/DSC00991-1-768x576.jpg 768w, https://www.luechtenberg.de/WordPress_01/wp-content/uploads/2019/12/DSC00991-1-1536x1152.jpg 1536w, https://www.luechtenberg.de/WordPress_01/wp-content/uploads/2019/12/DSC00991-1-1200x900.jpg 1200w, https://www.luechtenberg.de/WordPress_01/wp-content/uploads/2019/12/DSC00991-1.jpg 2048w" sizes="auto, (max-width: 709px) 85vw, (max-width: 909px) 67vw, (max-width: 1362px) 62vw, 840px" /><figcaption class="blocks-gallery-item__caption">Paul</figcaption></figure></li></ul></figure>



<p><br>Unser erstes Meerschweinchen war Percy, ein Silberaguti, der leider nur zwei Jahre alt wurde. Bereits wenige Wochen später haben wir zwei junge Böckchen, Benny und Joon bekommen. Joon war ein Glatthaar in &#8222;Himalaja-Schoko&#8220; und wurde im November 2000 schneeweiss geboren &#8211; ist jedoch kein Albino. Als Joon´s Freund Benny gestorben ist, haben wir Ihm einen neuen Freund &#8222;Paul&#8220; besorgt. <br>Paul war ein Glatthaar Silber-Aguti, wurde im November 2002 geboren und 8 Jahre alt.</p>



<p>Der Tod jedes dieser Tiere hat uns sehr bewegt. Viele mögen das für übertrieben halten, doch wer schon mal ein Haustier hatte, weiss, wie sehr Ihm dieses Tier ans Herz wächst, wie man sich freut, wenn man die Tür aufschliesst und sofort von Ihm begrüßt wird, und wie man mit dem Tier leidet, wenn es Ihm mal nicht gut geht.<br>Wir wären wohl keine Menschen, wenn wir auch Tieren gegenüber diese Empathie zeigen. Wir, zumindest, schämen Uns für keine Träne, die wir für unsere kleinen Racker vergossen haben.</p>

<p>Hier stellen wir Euch unsere ehemaligen fellnasigen Mitbewohner vor Unser erstes Meerschweinchen war Percy, ein Silberaguti, der leider nur zwei Jahre alt wurde. Bereits wenige Wochen später haben wir zwei junge Böckchen, Benny und Joon bekommen. Joon war ein Glatthaar in &#8222;Himalaja-Schoko&#8220; und wurde im November 2000 schneeweiss geboren &#8211; ist jedoch kein Albino. Als Joon´s &hellip; <a href="https://www.luechtenberg.de/WordPress_01/gaby-und-roland/meerschweinchen/" class="more-link"><span class="screen-reader-text">„Unsere Meerschweinchen“</span> weiterlesen</a></p>
