{"id":27,"date":"2017-03-13T11:15:03","date_gmt":"2017-03-13T10:15:03","guid":{"rendered":"http:\/\/wp.luechtenberg.de\/?page_id=27"},"modified":"2019-12-16T08:25:28","modified_gmt":"2019-12-16T07:25:28","slug":"christel-und-lutz","status":"publish","type":"page","link":"https:\/\/www.luechtenberg.de\/WordPress_01\/christel-und-lutz\/","title":{"rendered":"Christel und Lutz"},"content":{"rendered":"<p>Hallo Freunde,<\/p>\n<p><img decoding=\"async\" src=\"http:\/\/www.luechtenberg.de\/home\/lutz_und_christel\/jpg\/Silberhochzeit.jpg\" alt=\"\" height=\"300\" align=\"right\" border=\"0\" \/><\/p>\n<p>Wir sind <b>Christel und Ludwig (Lutz) L\u00fcchtenberg<\/b>. Wir sind beide am Niederrhein geboren und leben seit vielen Jahren im Ortsteil Bergheim. Seit der Eingemeindung in den siebziger Jahren hat <b>Rheinhausen<\/b> seine Eigenst\u00e4ndigkeit verloren und ist &#8222;Anhang&#8220; von Duisburg geworden.<\/p>\n<p>Leider ist unsere Stadt in die Schlagzeilen geraten durch den langen und erbitterten Kampf um die Schliessung der <b>Krupp H\u00fcttenwerke<\/b>. In der Tat haben Krupp und der Bergbau das Bild dieser Stadt gepr\u00e4gt: Kleine Zechenh\u00e4user in Asterlagen bilden einen Gegenpol zu den 2-3 geschossig gebauten &#8222;Kruppschen&#8220; H\u00e4usern in Hochemmerich und Friemersheim.<\/p>\n<p>Gott sei Dank hat es hier keine Abriss-Sanierung der alten Siedlungen gegeben, so wie Sie heute in Homberg-Hochheide zu sehen ist. Nach Schliessung der H\u00fcttenwerke ist es ruhig geworden &#8211; vielleicht zu ruhig f\u00fcr die vielen kleinen Gesch\u00e4fte in der Fussg\u00e4ngerzone Friedrich-Afred Str. Rheinhausen hat \u00fcber 20 % Anteil an ausl\u00e4ndischen Arbeitnehmern, und so bringen D\u00f6ner- Imbiss und t\u00fcrkische Feinkostl\u00e4den Farbe in die Stadt.<\/p>\n<p>Wir f\u00fchlen uns wohl in dieser bunten Stadt!<\/p>\n<p>Lutz hat zun\u00e4chst das Handwerk des Maurers bei der Fa. Jonkmanns, dem Betrieb seines Onkels Willi, gelernt. Mit dem Fahrrad fuhr er zu unz\u00e4hligen Einsatzstellen. Sp\u00e4ter hatte er genug gespart, um sich sein erstes Motorrad, eine 125er &#8222;Express&#8220; und sp\u00e4ter eine NSU &#8222;Quickly&#8220; anzuschaffen. Dann ergab sich die Gelegenheit: Das H\u00fcttenwerk Mannesmann in Huckingen suchte Kranf\u00fchrer. Als <b>Fernschreibmechaniker<\/b> arbeitete er sich sp\u00e4ter zum Vorarbeiter der Druckerwerkstatt hoch.<\/p>\n<p>W\u00e4hrend er gegen die Fehlerteufel in Druckern und Bildschirmger\u00e4ten k\u00e4mpfte, managte <b>Christel <\/b>den Haushalt in der winzigen 35 qm Wohnung in Moers-Scherpenberg. Und nicht nur einen: Im &#8222;neuen&#8220; Haus in Rheinhausen war Platz f\u00fcr f\u00fcnf Familien! Drei davon geh\u00f6rten zur eigenen. Es war eine richtige <b>&#8222;L\u00fcchtenburg&#8220;<\/b> mit unseren beiden Eltern im Haus. In der wenigen noch verbliebenen Freizeit hielt sich Christel als <b>\u00dcbungsleiterin<\/b> fit und turnte so manch j\u00fcngeren Teilnehmern noch etwas vor. Als ob es nicht genug damit w\u00e4re, erbeitete sie manchmal bis sp\u00e4t in die Nacht noch als N\u00e4herin. Ihre Putzstellen, die Sie bis dato noch in Moers und Hochheide betreute, hatte Sie &#8211; verst\u00e4ndlicherweise &#8211; endlich aufgegeben.<\/p>\n<p>Lutz und Christel sind seit der Jugend dem <b>Wassersport<\/b> eng verbunden. Lutz war im <b>Kanu-und Segel Club Homberg<\/b> aktiv und hat so gut wie keine Meisterschaft im Wildwasser-Kanusport ausgelassen. Der 2-er Kanadier &#8222;Foxi&#8220;, der f\u00fcr die &#8222;ruhigen&#8220; Touren verwendet wurde, musste allerdings im Jahr 1961 um ein weiteres &#8222;Mannloch&#8220; erweitert werden: Sohn <strong>Roland<\/strong>\u00a0ist in den n\u00e4chsten Jahren bei allen Touren mit dabei gewesen.<\/p>\n<p>Wie es sich f\u00fcr die Zeit damals geh\u00f6rte, wurde so ein Boot selbst gebaut!<\/p>\n<p>Doch irgendwann ist der Kanadier <img loading=\"lazy\" decoding=\"async\" class=\"wp-image-77 size-medium alignleft\" src=\"http:\/\/wp.luechtenberg.de\/wp-content\/uploads\/2018\/02\/Bootsbau-300x222.jpg\" alt=\"Bau des Kanadiers\" width=\"300\" height=\"222\" \/>zu klein f\u00fcr die junge Familie gewesen. Es hatte schon immer fasziniert, wie man mit einfachen Mitteln &#8211; und sei es ein St\u00fcck Leinentuch zwischen zwei Paddel gespannt, den Wind f\u00fcr seine Zwecke einsetzen kann. Ein &#8222;richtiges&#8220; Segelboot musste her!<\/p>\n<p>Schlie\u00dflich wurde der Club ja &#8222;Kanu und <b>Segel<\/b>&#8222;-Club genannt. Gesagt, getan:<\/p>\n<p><img loading=\"lazy\" decoding=\"async\" src=\"http:\/\/www.luechtenberg.de\/home\/lutz_und_christel\/jpg\/Kapitaen_t.jpg\" alt=\"Als Kapit\u00e4n zu hoher See ....\" width=\"250\" height=\"250\" align=\"left\" border=\"0\" \/><\/p>\n<p><img loading=\"lazy\" decoding=\"async\" src=\"http:\/\/www.luechtenberg.de\/home\/lutz_und_christel\/jpg\/Segelregatta_.jpg\" alt=\"Als Kapit\u00e4n zu hoher See ....\" width=\"200\" height=\"258\" align=\"right\" border=\"0\" \/><\/p>\n<p>Das n\u00e4chste Boot war eine Segeljolle des Typs &#8222;<b>KORSAR<\/b>&#8222;. Leider wurde der Bereich des Rheins durch den zunehmenden Schiffsverkehr und die ung\u00fcnstigen Str\u00f6mungsverh\u00e4ltnisse im Bereich des Rheinbogens Duisburg-Krefeld f\u00fcr Segler gesperrt. So musste schweren Herzens ein neues Revier gefunden werden. Ende der 60er Jahre wurden wir Mitglied im <a href=\"http:\/\/www.dksc.de\"><b>Duisburger Kanu und Segel Club e.V<\/b>.<\/a><\/p>\n<p>Zun\u00e4chst war die Regattabahn &#8222;Bertasee&#8220; das Segelrevier. Doch bald schon ergab sich die Gelegenheit, eine erste Steganlage am &#8222;<b>Masurensee<\/b>&#8220; zu bauen, wo auch\u00a0ein neues Clubhaus, errichtet wurde.<\/p>\n<p>Das Segelboot &#8211; das durch die vielen Reparaturen mehr aus Glasfaserspachtel als aus Holz bestand, machte einer rechten &#8222;Rennziege&#8220; Platz : Ebenfalls ein &#8222;Korsar&#8220;, mit dem so manche Regatta bestritten wurde. Doch, man wird \u00b4halt &#8222;ruhiger&#8220; mit der Zeit, und schlie\u00dflich wurde aus der offenen Jolle ein nettes kleines Boot mit Kaj\u00fcte: Ein Kunstoffboot des Typs &#8222;<b>VARIANTA<\/b>&#8220; musste \u00b4her ! Damals war es eines der gr\u00f6\u00dften Boote am See. <a href=\"http:\/\/www.luechtenberg.de\/home\/lutz_und_christel\/familie\/index.html#\"><img loading=\"lazy\" decoding=\"async\" src=\"http:\/\/www.luechtenberg.de\/home\/lutz_und_christel\/jpg\/Sprinta_t.jpg\" alt=\"Sprinta, dehler Yachtbau. Freienohl\" width=\"250\" height=\"250\" name=\"Sprinta_t\" align=\"RIGHT\" border=\"0\" \/><\/a>Schlie\u00dflich wollte man ja ein Verein von Sportlern sein und keine &#8222;<b>schwimmenden Wohnwagen<\/b>&#8220; am Steg dulden. Doch &#8211; welch eine \u00dcberraschung f\u00fcr die hartgesottenen Vereinsmeier- auch die &#8222;Dickschiffe&#8220; konnten den Jollen Paroli bieten und bei Regatten kr\u00e4ftig mitmischen.<\/p>\n<p>Zwischendurch engagierte sich Lutz sich im Verein als Ausbilder in Sachen <b>Segelf\u00fchrerschein<\/b>. In den Jahren hat er einigen Hundert sportbegeisterten Segelfreunden ein gutes \u201e Seem\u00e4nnisches Wissen\u201c vermittelt.<\/p>\n<p>Im Jahr 1983 gr\u00fcndetete er zusammen mit einigen Vereinskollegen des DKSC den <a href=\"https:\/\/www.shantychor-duisburg.com\">Shantychor Duisburg<\/a>. Mit diesem war er zu vielen Auftritten unterwegs.<\/p>\n<p>Das Interesse an Segelwettbewerben war mittlerweile doch eingeschlafen, und das Schiff ist ein wenig gr\u00f6\u00dfer geworden. Eine &#8222;<b>SPRINTA 70<\/b>&#8220; war genau das Richtige. Das Schiff hatte eine wohnliche Kaj\u00fcte und lie\u00df sich trotzdem noch auf dem Trailer transportieren. Aber damit fing auch die viele Arbeit an. So ein Boot braucht Pflege. Auch das Ein- und Ausbooten zum Winterlager bedeutete zus\u00e4tzliche Arbeit, und dem aktiven Sport sagte er &#8222;Ade&#8220;.<\/p>\n<p>Nat\u00fcrlich wird immer noch gesegelt. Und zwar mit einer Crew des DKSC auf einen <b><a href=\"http:\/\/www.hendrika.com\/\">Gro\u00dfsegler<\/a><\/b> auf Nord- und Ostsee. Oder mit seinem Sohn Roland zusammen auf seinem Schiff &#8222;Robin&#8220;. Doch das Segeln war nur \u201eEIN\u201c Hobby.<\/p>\n<p>1990 war \u201eFeierabend\u201c im Beruf . Durch den Zusammenschluss der H\u00fcttenwerke Krupp und Mannesmann wurde auch Lutz in den Vor-Ruhestand versetzt. Flugs machte er seine <b>Amateurfunklizenz<\/b> und beteiligte sich als Funkamateur im Katastrophenschutz Kreis Wesel. Als ehemaliger Fernschreibmechaniker gab es hier einiges zu tun.<br \/>\n<img loading=\"lazy\" decoding=\"async\" src=\"http:\/\/www.luechtenberg.de\/home\/lutz_und_christel\/jpg\/falcone_rep_t.jpg\" alt=\"Eine Guzzifahrt ohne Schrauben, gibt\u00b4s das !\" width=\"250\" height=\"250\" align=\"left\" border=\"0\" \/><\/p>\n<p><img loading=\"lazy\" decoding=\"async\" src=\"http:\/\/www.luechtenberg.de\/home\/lutz_und_christel\/jpg\/Mein_JZR_Bild_022.jpg\" alt=\"Mein JZR Treewheeler: Eine Guzzi auf drei R\u00e4dern !\" width=\"300\" height=\"222\" align=\"right\" border=\"0\" \/><\/p>\n<div align=\"center\">\n<p>Da Lutz nun mal das \u201eSchrauben\u201c nicht lassen kann, hat er sich wie auch seine beiden S\u00f6hne <a href=\"http:\/\/www.luechtenberg.de\/home\/jens\/index.html\" target=\"_new\" rel=\"noopener noreferrer\">Jens<\/a> und Roland ein altes\u00a0<b>Guzzi-Motorrad<\/b> zugelegt. Jeder knatterte bei sch\u00f6nen Wetter durch die Gegend. Nur Christel sa\u00df alleine zu Hause&#8230;<br \/>\nDas kann so nicht weitergehen, hatte sich Lutz gedacht. Sein Traum vom <b>Oldtimer<\/b>, ein <b>Three Wheeler<\/b> wurde zu seinem 70. Geburtstag Wirklichkeit.<\/p>\n<p>Sohn Roland hatte Verbindung der <a href=\"http:\/\/www.maxworks.de\/\">Treewheeler-Freunden<\/a> aufgenommen und eine Ausfahrt organisiert.<br \/>\nDazu kam auch noch ein Kaufangebot aus Holland. Klar das er nicht nein sagte. So hat er nun ein neues Bastelobjekt, sogar eins mit Guzzi- Motor.<\/p>\n<p>Leider ist der Threewheeler nie fertig geworden und schweren Herzens hat er sich davon getrennt. Doch er fand \u00a0einen neuen Bastelk\u00f6nig, um den Rest der Elektrik und Kupplungsmechanik anzubauen und den Oldtimer auf die Stra\u00dfe zu bringen!<\/p>\n<p style=\"text-align: left;\">Vielleicht teilt ein weiterer Oldtimer bald das Schicksal des Treewheelers: Ein Metropolitan Nash. Der kleine Amerikaner wurde bekannt als das Fahrzeug von Elvis Presleys Mutter und ist in der Gr\u00f6\u00dfe etwa dem NSU &#8222;Prinz&#8220; vergleichbar:<img loading=\"lazy\" decoding=\"async\" class=\"size-medium wp-image-76 aligncenter\" src=\"http:\/\/wp.luechtenberg.de\/wp-content\/uploads\/2018\/02\/Nash-300x169.jpg\" alt=\"\" width=\"300\" height=\"169\" \/><\/p>\n<p>Auch hier wird geschraubt, was das Zeug h\u00e4lt. Leider ist das Auto z.Zt. nicht fahrbereit, doch man soll die Hoffnung nie aufgeben&#8230;<\/p>\n<\/div>\n<p><img loading=\"lazy\" decoding=\"async\" src=\"http:\/\/www.luechtenberg.de\/home\/lutz_und_christel\/jpg\/P_1070314.jpg\" alt=\"\" width=\"200\" height=\"150\" align=\"left\" border=\"0\" \/><\/p>\n<p><img loading=\"lazy\" decoding=\"async\" src=\"http:\/\/www.luechtenberg.de\/home\/lutz_und_christel\/jpg\/Herbstkonzert_06057.jpg\" alt=\"\" width=\"300\" height=\"225\" align=\"right\" border=\"0\" \/>Die Segelleidenschaft musste ein St\u00fcck zur\u00fcck treten. Das Dickschiff wurde verkauft. Statt dessen haben sich Christel und Lutz eine &#8222;Landyacht&#8220; angeschafft: Ein <b>Reisemobil des Typs &#8222;Chausson Welcome 95&#8220;<\/b>. Sein Vorg\u00e4nger, ein &#8222;Rapido&#8220;, war zu klein geworden.<\/p>\n<div align=\"center\">\n<p>Christel ist leider seit Jahren schwer erkrankt und 100% pflegebed\u00fcrftig. Nach vielen Jahren der h\u00e4uslichen Pflege musste sich Lutz zu einem schweren Schritt entscheiden und Christel zur Pflege in ein Senionenheim geben. Die Trennung f\u00e4llt Ihm unendlich schwer, doch es war der einzig verbliebene Weg.<\/p>\n<p>Doch was bleibt sind viele, viele Erinnerungen an ein bewegtes Leben, Kontakte zu lieben Freunden und ein enger Zusammenhalt in der Familie.<\/p>\n<p>Mit einem alten Freund Klaus zusammen macht er nun Musik. Na ja, eigentlich ist er Roadie, gibt mit Trommel und Cajon den Takt an und liest w\u00e4hrend der Pausen gerne aus seinen selbst verfassten Anekdoten, die meist aus der fr\u00fchen Nachkriegszeit stammen.<\/p>\n<p>Dichter, Musiker, S\u00e4nger, Funker, Schrauber, Maurer, Elektroniker, Motorradfahrer, Segler, Kanufahrer, Vater, Ehemann, Freund &#8211; Lutz kann Alles !<\/p>\n<p>Tr\u00e4ume nicht nur Dein Leben, sondern lebe Deine Tr\u00e4ume !<\/p>\n<\/div>\n<p>Servus und Ade, an alle Berufst\u00e4tigen und Rentner unter Euch.<\/p>\n<p>Life is short ! Have Fun !<\/p>\n","protected":false},"excerpt":{"rendered":"<p>Hallo Freunde, Wir sind Christel und Ludwig (Lutz) L\u00fcchtenberg. Wir sind beide am Niederrhein geboren und leben seit vielen Jahren im Ortsteil Bergheim. Seit der Eingemeindung in den siebziger Jahren hat Rheinhausen seine Eigenst\u00e4ndigkeit verloren und ist &#8222;Anhang&#8220; von Duisburg geworden. Leider ist unsere Stadt in die Schlagzeilen geraten durch den langen und erbitterten Kampf &hellip; <a href=\"https:\/\/www.luechtenberg.de\/WordPress_01\/christel-und-lutz\/\" class=\"more-link\"><span class=\"screen-reader-text\">\u201eChristel und Lutz\u201c<\/span> weiterlesen<\/a><\/p>\n","protected":false},"author":2,"featured_media":0,"parent":0,"menu_order":1,"comment_status":"closed","ping_status":"closed","template":"","meta":{"footnotes":""},"class_list":["post-27","page","type-page","status-publish","hentry"],"_links":{"self":[{"href":"https:\/\/www.luechtenberg.de\/WordPress_01\/wp-json\/wp\/v2\/pages\/27","targetHints":{"allow":["GET"]}}],"collection":[{"href":"https:\/\/www.luechtenberg.de\/WordPress_01\/wp-json\/wp\/v2\/pages"}],"about":[{"href":"https:\/\/www.luechtenberg.de\/WordPress_01\/wp-json\/wp\/v2\/types\/page"}],"author":[{"embeddable":true,"href":"https:\/\/www.luechtenberg.de\/WordPress_01\/wp-json\/wp\/v2\/users\/2"}],"replies":[{"embeddable":true,"href":"https:\/\/www.luechtenberg.de\/WordPress_01\/wp-json\/wp\/v2\/comments?post=27"}],"version-history":[{"count":7,"href":"https:\/\/www.luechtenberg.de\/WordPress_01\/wp-json\/wp\/v2\/pages\/27\/revisions"}],"predecessor-version":[{"id":303,"href":"https:\/\/www.luechtenberg.de\/WordPress_01\/wp-json\/wp\/v2\/pages\/27\/revisions\/303"}],"wp:attachment":[{"href":"https:\/\/www.luechtenberg.de\/WordPress_01\/wp-json\/wp\/v2\/media?parent=27"}],"curies":[{"name":"wp","href":"https:\/\/api.w.org\/{rel}","templated":true}]}}